 What are the prime factors of a?
73
Let s = -429 - -744. Suppose -2*q = -479 - s. List the prime factors of q.
397
Let j(m) = 240*m - 34. Let v be j(-3). Let n = 269 + v. Let a = 733 + n. What are the prime factors of a?
2, 31
Let c(j) = 1035 - 523 - 523 - 384*j. List the prime factors of c(-3).
7, 163
Suppose 108*a - 300*a + 4280064 = 0. What are the prime factors of a?
2, 5573
Let c(m) = -3*m + 26 + 11*m**3 - 28*m - 13*m**2 - 5*m - 17*m**3 + 7*m**3. What are the prime factors of c(17)?
2, 3, 5, 19
Suppose 9486 + 38278 = -163*b + 167*b. List the prime factors of b.
11941
Suppose -2*u - 15 = -2*q - 1, 5*q - 25 = 3*u. Suppose -q*o - 9*r + 8*r = -618, 1545 = 5*o + 3*r. What are the prime factors of o?
3, 103
Suppose 4059*p - 26912 = -5*l + 4061*p, 0 = 2*l - 2*p - 10766. List the prime factors of l.
2, 3, 13, 23
Let m(f) = 22*f**2 + 9*f - 5. Let r be -1 - (3/2 + 20/8). List the prime factors of m(r).
2, 5
Let g(b) = b**2 - 34*b + 118. Let t be g(21). Let k = -68 - t. List the prime factors of k.
3, 29
Suppose 67*p - o = 64*p + 233, p - 2*o = 86. Let x be 5*(2 + 2/(-2)). Suppose x*d + 5*b + 12 = 67, 2*b = 5*d - p. What are the prime factors of d?
2, 7
Suppose -5*n + 3*v = -1915, -4*n - 376 = -5*n + 2*v. Let c = n - 129. Suppose -3*j = -h - 144, 3*h = -5*j - h + c. List the prime factors of j.
7
Let l be (1 + (13/(-2) - -4))*-2. Suppose 3*f - 3*n + 1027 = 4*f, l*f - 2*n - 3070 = 0. What are the prime factors of f?
2
Let a be -1 + 0 + 2639 + 8. Suppose -9*t = -0*t - a. List the prime factors of t.
2, 3, 7
Suppose -189*o = -78*o - 2201574. List the prime factors of o.
2, 47, 211
Suppose 0 = -33*c + 30413 + 77794. List the prime factors of c.
3, 1093
Suppose 4*x - 18776 = 24*l - 28*l, 3*x = -l + 4692. List the prime factors of l.
3, 5, 313
Let c be 1*-20*68/(-16) + -2. Suppose c*p + 1925 = 88*p. What are the prime factors of p?
5, 7, 11
Let v be (-8 - -2)*1*2. Let k(c) be the third derivative of c**6/120 + 11*c**5/60 - 11*c**4/12 - 13*c**3/6 + 71*c**2 + 1. What are the prime factors of k(v)?
107
Let j(f) = -f**2 + 21*f + 8. Suppose 8 = -3*b + 14. Suppose b = -g + 6, 4*t - 32 = g. List the prime factors of j(t).
2, 29
Suppose 3*x = -5*c + 35, x = 6*x + 3*c - 37. Suppose -5*i - x*p + 1290 = 0, i - 137 - 113 = -3*p. What are the prime factors of i?
2, 131
Let z = -58 + 109. Let o = z - 69. What are the prime factors of (-4)/o + 2836/36?
79
Let a = 5839 + 17210. What are the prime factors of a?
3, 13, 197
Suppose -x = -3*p + 221, 0*p = 5*p + 4*x - 391. Let s = -87 + p. What are the prime factors of (-7)/(-1)*1/((-3)/s)?
2, 7
Let d = -11 + 18. Suppose d*o - 4*n = 3*o + 1008, 0 = -2*n + 10. List the prime factors of o.
257
Let g(h) = 6*h + 12. Let u(m) = 1. Let j(x) = g(x) + 2*u(x). Let s be j(13). Let p = s - 36. List the prime factors of p.
2, 7
Let z = -275 - -277. Suppose 2*g - 963 = j, 0 = -2*g + 6*g + z*j - 1922. List the prime factors of g.
13, 37
Let r(x) = -510*x - 2151. List the prime factors of r(-34).
3, 61, 83
List the prime factors of (2/13 - (1620/117)/12)*-9347.
13, 719
Suppose -3*u = 4*f - 1121, 4*f + u = -u + 1122. Suppose v - 13 = -3*y + f, -y + 102 = -v. What are the prime factors of y?
3, 11
Let n be -6*(-2)/((-8)/106). Let g be (-4)/(-26) + (192/(-26))/(-4). What are the prime factors of n/(-4)*16/8*g?
3, 53
Suppose 2*x + 3*x + 30 = 0. Let n(s) = -3*s + 7 - s**3 + 669*s**2 - 25 - 672*s**2. List the prime factors of n(x).
2, 3
Let a(g) = g**3 + 12*g**2 + 9*g - 11. Let b be 4 - ((-126)/(-28))/((-6)/(-16)). What are the prime factors of a(b)?
173
Suppose -f = -4*f + 6, 383 = g + 3*f. Let b = g - 230. Let n = b - 41. List the prime factors of n.
2, 53
Suppose 4*a + 184707 = 5*x, 0 = 5*x - 57*a + 56*a - 184713. List the prime factors of x.
36943
What are the prime factors of 7*((-28)/((-20)/5) - 6) + 35989?
2, 8999
List the prime factors of 17508/14 - -4*(-39)/(-364).
3, 139
Let i(t) be the third derivative of t**4/8 + 13*t**3/6 + 19*t**2. Let l be i(-3). Let a = l - -7. List the prime factors of a.
11
Suppose -109*b - 2036 = -113*b. Let u = -157 + b. Suppose -8*h + 4*h + u = 0. List the prime factors of h.
2, 11
Let s(m) be the second derivative of 3/2*m**3 - 11*m - 1/20*m**5 + 0 - 11/12*m**4 - 1/2*m**2. List the prime factors of s(-12).
5, 7
Let v = -113 - -119. Suppose 2*u = v, 2*q - 4*u = u + 183. What are the prime factors of q?
3, 11
Let t = -25238 - -39718. List the prime factors of t.
2, 5, 181
Let g = -104 + 272. Let p = g + -159. What are the prime factors of p?
3
Suppose -8 = 2*i + 3*n, i - 36 = 5*i - 4*n. Let o be 172/2 + i + 9. Let r = 66 + o. What are the prime factors of r?
2, 7, 11
Let y = 52 - -169. Suppose 0 = 7*x - 2643 + y. What are the prime factors of x?
2, 173
Let s(o) = -2*o**3 - 24*o**2. Let j be s(-12). Suppose -2*k - 5*w + 1199 = j, 0 = -5*w - 7 - 8. What are the prime factors of k?
607
Let h = 380 - 378. Suppose 4*m - 4*y - 1568 = 2*m, 4*m = h*y + 3136. What are the prime factors of m?
2, 7
Let x = 388 + -384. Suppose x*y - 5*y - 2005 = -4*a, 2475 = 5*a + 5*y. What are the prime factors of a?
2, 5
Let q = 133 - -591. Let p = q - -190. List the prime factors of p.
2, 457
Let t = -992 - -1000. Let v be 4/(-6) + (-22696)/(-24). Suppose n = -t*n + v. List the prime factors of n.
3, 5, 7
Let x = 16946 + -8590. List the prime factors of x.
2, 2089
Suppose -2*n + 361 = -439. What are the prime factors of -4 + 0/6 + n?
2, 3, 11
Let u = -584 + -660. Let r = 1757 + u. List the prime factors of r.
3, 19
Let s(a) = -151*a - 346. Suppose -1089*k = -1102*k - 91. What are the prime factors of s(k)?
3, 79
Suppose 401*w - 5*p = 399*w + 24755, -61830 = -5*w + p. What are the prime factors of w?
5, 2473
Suppose -62569 = -3*l + 288*m - 289*m, m + 41711 = 2*l. What are the prime factors of l?
2, 3, 11, 79
Let o(z) = 13*z**2 - 8*z - 5. Let l be o(-3). Suppose 8*k - l = 1528. List the prime factors of k.
2, 13
Let a(r) = 115*r + 2808. What are the prime factors of a(59)?
53, 181
Let a(q) = -13*q**2 + 27*q**3 + 8*q + 871 - 870 + 28*q**3. What are the prime factors of a(2)?
3, 5
Suppose 3*z = z - z. Suppose -10 = -5*r + 2*a, -5*r + 4*a + 10 = -z. List the prime factors of ((-12)/(-3))/(r/25*1).
2, 5
Suppose -2*j + v = 191, 3*j - 11*v = -14*v - 300. Let m = 204 + j. List the prime factors of m.
107
Let r(n) = 3*n**2 + 13*n - 46. Let b = 355 + -345. List the prime factors of r(b).
2, 3
Let q(m) = -36*m + 3*m**2 + 5 - 2 + 1 + 22. List the prime factors of q(18).
2, 5, 7
Let t(f) = -21*f + 49. Let z be t(-3). Suppose -2*m = -70 - z. List the prime factors of m.
7, 13
Let z(t) = 1010*t + 4520. List the prime factors of z(18).
2, 5, 227
Let a = 88 - 86. Let j(t) = -40*t**2 + 6*t - 6. Let s be j(a). Let d = 46 - s. List the prime factors of d.
2, 5
What are the prime factors of (-1)/7 + 1121931/189?
2, 7, 53
Suppose -217*a + 30321 = -748058. List the prime factors of a.
17, 211
Suppose -4*d + 7*d = -5*r - 1800, 3*r + 1080 = d. Let c = -235 - r. List the prime factors of c.
5
Let y = 79792 + -31248. What are the prime factors of y?
2, 37, 41
Suppose -3*p - 7754 = -4*p. What are the prime factors of p?
2, 3877
Let r be (6/10)/((-2)/(-10)). Suppose -3*q + 6*q - 13 = m, 2*q - 14 = 2*m. Suppose -r*a + 86 = v - 300, 4*a + q*v - 523 = 0. List the prime factors of a.
127
Let m = 17 + -2. Suppose -2*c = -4*v - 28 + 94, 4*v - 63 = 3*c. What are the prime factors of 170/4*v/m*5?
3, 5, 17
Let g be 1/4 + (-3)/12. Suppose -2*r + 2*x + 4 = g, r - 2*x + 0*x - 2 = 0. What are the prime factors of r/(0 + 2) - -70?
71
What are the prime factors of (-298522)/4*(-968)/1694?
2, 21323
Suppose 118*n + 15*n = 31*n + 1435140. List the prime factors of n.
2, 3, 5, 7, 67
Let c(t) = 46*t - 4*t + 19*t + 17 - 47. Let r be c(6). Suppose 0 = -34*v + 36*v - r. What are the prime factors of v?
2, 3, 7
Suppose -46*t = -43*t - 18. Let j be (3 - t) + 5 - -125. Suppose 5*h - j = 103. What are the prime factors of h?
2, 23
Let l(y) = -y**3 - 8*y**2 - 7*y - 7. Let u = 127 + -136. What are the prime factors of l(u)?
137
Suppose -6*s - 4 = -82. Let n = -13 + s. Suppose -5*p = 2*v - 6 - 63, n = v - p - 52. What are the prime factors of v?
47
Suppose 26 = -3*g - 2*t + 5, 0 = -5*g + 5*t - 35. What are the prime factors of (14/g)/((-10)/2465)?
17, 29
Let c(v) = -785*v + 365*v + 397*v 